v(n). Determine f(x).
9
Let w(y) = y + 3. Let p be (-1)/(7/2 + -4). Let g(o) = 3 - 1 - 3. Let c(d) = p*g(d) + w(d). Give c(-1).
0
Let u(s) = 19*s + 149. Let l be u(-8). Let b(y) = 2*y + 8. What is b(l)?
2
Let l(p) = -p + 12. Let g(w) = -2*w**2 - 11*w + 11. Let d be g(-6). Let m be 4*2/(-20) + 42/d. Calculate l(m).
4
Let g(c) = -c**3 + c - 1. Let n(x) = -2*x**3 + 9*x**2 + 3*x - 8. Let p(q) = -3*g(q) + n(q). What is p(-9)?
-5
Let w(t) = -4*t**3 + 3*t**2 + 8*t - 5. Let n(q) = -5*q**3 + 2*q**2 + 8*q - 6. Let o = 30 + -35. Let v(b) = o*n(b) + 6*w(b). Determine v(-7).
-7
Suppose 0 = -0*r - 5*r + 10. Let k(l) = r + 36*l - 7 - 28*l - l**2. Determine k(5).
10
Let j(k) be the first derivative of k**7/840 + k**6/90 - k**5/24 + 5*k**4/24 - 4*k**3 + 3. Let y(m) be the third derivative of j(m). Determine y(-5).
5
Let c be 12/(-8) + (-17)/(-2). Let u(o) = -3*o**3 - 2*o**2 - 2. Let n(v) = -8*v**3 - 7*v**2 - v - 6. Let l(x) = 4*n(x) - 11*u(x). What is l(c)?
19
Let w(z) = -61*z - 55*z + 104*z - 1. Give w(2).
-25
Let o(a) = 1 + 2 - 4*a + 2 - 4 + 2*a**2 - 2*a. Give o(4).
9
Let h be 2/9 + 140/18. Suppose -b = -5*a + 2, b = 5*b + h. Let o(u) = u + 4. Give o(a).
4
Let i(s) = s**2 - 8*s + 1. Let c be 46/161 - 80/(-14). Determine i(c).
-11
Let p be 9 + -2 - (1 - 1). Suppose 4*i - 3 = -p. Let u(x) = -13*x**2 - 7*x - 1. Let a(r) = 13*r**2 + 5*r + 1. Let j(k) = -3*a(k) - 2*u(k). What is j(i)?
-13
Let n(p) = 8*p**2 - 2*p + 2. Let c = 2062 + -2059. Give n(c).
68
Let p(z) = 3*z - 4. Let y be p(3). Suppose -8 = t - y*t. Suppose 2*j + 4 = -t*g, 0 = 6*g - 2*g + 12. Let m(a) = -a**2 + 3*a - 1. Calculate m(j).
1
Let h be (-4 - (-52)/12)*36. Let i(b) = -4*b + 27. Let g be i(h). Let r = g + 21. Let t(w) = -w**3 - w - 5. Determine t(r).
-5
Let h(u) = u**3 - 8*u**2 + 9*u - 2. Suppose -4*f - 2*a + 0 = -36, -2*f = -2*a - 6. What is h(f)?
12
Let f(v) = 2*v**2 + 2*v - 1. Let g be f(1). Let t(o) be the third derivative of o**6/120 - o**5/12 + 5*o**4/24 - o**3/2 + 43*o**2 + o. Give t(g).
-6
Let o(a) = a**2 + a - 1. Let c(j) = 2*j**2 - 5*j + 8. Let v(w) = w**2 - 2*w + 4. Let d(h) = -4*c(h) + 9*v(h). Let p(z) = d(z) + 2*o(z). Calculate p(-3).
17
Let m(t) = -7*t**3 + t. Let q = 42 - 29. Suppose 3*s + 2*p + 1 = 0, -3*p + 6 - q = -s. What is m(s)?
-6
Let d(f) = -f**2 + 16*f + 23. Let i be d(17). Let k(u) = u**3 - 5*u**2 - 2*u - 7. What is k(i)?
17
Suppose -4*t = -2*u + 3 - 13, 5*u - 15 = 0. Let b(a) = a + 4*a - t*a. Determine b(-7).
-7
Let i(u) = -2*u. Suppose -2*t = 3*t + 15. Let k be i(t). Let j(g) be the second derivative of -g**4/12 + 4*g**3/3 - 3*g**2 - 3*g. Give j(k).
6
Let p(f) = 0*f + 6*f + 3*f**2 - 4 - f**3 + 0*f. Let d = -1768 - -1772. What is p(d)?
4
Let u(p) be the first derivative of 3*p - 1/20*p**5 + 5/2*p**2 + 5 + 5/12*p**4 + p**3. Let c(d) be the first derivative of u(d). Determine c(6).
5
Let m(a) be the second derivative of 1/3*a**3 + 0 + 0*a**2 - 1/4*a**4 + 1/10*a**5 - 3*a. Determine m(2).
8
Let s(z) = -140*z**2 + z**3 - 6*z - 137*z**2 + 13 + 285*z**2. Calculate s(-9).
-14
Let t(w) = -w + 4. Let h(n) be the second derivative of -n**5/20 + n**4/4 + 2*n**3/3 - 5*n. Let r be h(4). Suppose r = 3*y - 5 - 13. Give t(y).
-2
Let j(r) = r**3 + 4*r**2 - 5*r + 5. Let p be 0 - 14/(-3)*-3. Let s = p - -9. Give j(s).
5
Let n(u) = u**3 - 2*u**2 + 2. Let b = -82 - -85. Suppose 5*o + 3*k = 5 - 1, 3*o = b*k + 12. Determine n(o).
2
Let j(v) = -7*v + 18. Let p(u) = -19*u + 49. Let q(g) = -11*j(g) + 4*p(g). Let s(y) = -y**2 - 4*y + 1. Let i be s(-4). What is q(i)?
-1
Let o(a) = a**2 - a. Let d(h) = h**2 - 2*h + 1. Let x(y) = d(y) + o(y). Let t(r) = r**3 - 38*r**2 + 5*r - 188. Let s be t(38). Give x(s).
3
Let g(h) = 9*h + 139. Let d be g(-15). Let f(r) = -r**2 - 3. What is f(d)?
-19
Let t(x) = -x**2 - 7. Suppose -2*p - 2 = -y, -2 = 2*y - 10. Let q be (p + -2)*-2 + -2. Suppose q = -i - 3*i. Determine t(i).
-7
Let t(d) = 7*d**2 - d**3 - 136 + 31 + 37 + 35 + 30 - 3*d. Determine t(7).
-24
Let u(z) be the third derivative of z**7/5040 + 2*z**5/15 + 6*z**2. Let o(v) be the third derivative of u(v). Suppose 2*d - 1 - 1 = 0. What is o(d)?
1
Suppose 0 = 4*y - 0*y - 32. Let v(s) = -11 - 7*s**2 - 8*s**3 + 3*s**3 + 2*s**3 + 4*s**3 - 6*s. Give v(y).
5
Let n(p) = -6*p + 23. Let f(m) = -3*m + 11. Let k(z) = -9*f(z) + 4*n(z). Let q = 48 + -49. Let u(y) = y - 1. Let w(a) = q*k(a) + 4*u(a). Determine w(-2).
1
Suppose 3*i - 14 = -2*k + 4*k, -4*i + 17 = -k. Let n(f) = 1 - 219*f + 112*f + 109*f + 8*f**2. Calculate n(k).
7
Let f(r) = -21*r**3 + r + 1. Let s(h) = h**3 + 7*h**2 - 20*h - 13. Let c be s(-9). Suppose -c*t + 10 - 36 = p, -4*p - 4*t = 24. Give f(p).
21
Suppose -13 - 11 = 4*n. Let r(q) be the third derivative of q**5/60 + q**4/3 + 3*q**3/2 - 792*q**2. Give r(n).
-3
Let s(o) = -3*o + 24. Let a(v) = v**2 + 2*v - 211. Let l be a(14). Determine s(l).
-15
Let v(m) be the third derivative of m**6/120 + m**5/5 + 11*m**4/24 - 7*m**3/3 + 47*m**2. Calculate v(-11).
-14
Let f(z) = 21*z + 3. Let x(t) = 95*t + 12. Let g(c) = 9*f(c) - 2*x(c). Let k = -1 - -1. What is g(k)?
3
Let k(z) = 19 - 3*z + z**2 + 2*z + z - z + 4*z. Give k(0).
19
Let h be (-38)/133 - (-66)/(-14). Let c(y) = -y**3 - 4*y**2 + 3*y - 4. Determine c(h).
6
Let f(s) = -2*s + 4. Let q be f(5). Let t(n) = 107 - 113 - n - 5*n + 5*n. Give t(q).
0
Let j(g) = -g + 3. Suppose -3*c + 70 = -c - 4*v, -4*c + 2*v = -128. Let p = c + -25. What is j(p)?
-3
Suppose 5*v = 26*d - 27*d - 3, 11 = 3*d - 5*v. Let x be 1/4 - 70/(-8). Let c(o) = -2*o**3 + 4*o**d - 1 - 4*o + x*o + 0*o**3 + o**3. Give c(5).
-1
Suppose -4*f + 8 = 0, 3*a - 2*a = 5*f - 6. Suppose -1 = -a*g + 7. Suppose -4*x - 6 = -g*o, -o + 5*o - 3*x = 22. Let y(h) = -h**3 + 6*h**2 + 7*h + 3. Give y(o).
3
Let x(u) be the third derivative of -1/3*u**3 + 0 - 10*u**2 + 0*u + 5/24*u**4 + 1/60*u**5. Calculate x(-6).
4
Let s(j) = 3 - 6*j + 1270*j**3 - 647*j**3 + 3 - 2*j**2 - 622*j**3. Suppose 2*p = 5*c - 20, 3 - 15 = -3*c + 5*p. Give s(c).
14
Suppose -4*i + p - 3*p = -56, 3*i + 3*p - 48 = 0. Let h(g) = g - 19. Give h(i).
-7
Let w = 102 - 102. Let z(h) be the first derivative of -h**3/3 + h**2/2 + 6*h + 2. What is z(w)?
6
Let n(w) = -4*w + 13*w - w**2 - 5*w + 5. Let x be n(5). Let h(k) = 2*k + 4 - 5 + x - 5*k. Calculate h(-1).
2
Suppose 3 = 4*t - 37. Let v(d) = 1986*d**2 - 1986*d**2 + t*d**3 + d. What is v(-1)?
-11
Let w = 0 - -2. Let a(h) = 1 + 4*h + 3*h + 8*h - 13*h. Give a(w).
5
Let x(n) be the second derivative of -11*n**3/6 - 3*n**2/2 - 67*n. Determine x(-4).
41
Suppose 0 = 2*h - 5 + 13. Let l(d) = 2*d - 990 - d**2 - 2*d**3 + 996 + d**3 - 3*d**2. Calculate l(h).
-2
Let b(f) = -3 - f**2 + 5 + 8*f + 2*f**2. Let z be 4*6/4*((-280)/15)/14. Determine b(z).
2
Let i(f) be the first derivative of 11*f**4 + f**2/2 - f - 17. Calculate i(1).
44
Let y be ((-120)/(-48))/(2/(-4)). Let q(u) = -2*u**2 - 9*u + 1. Determine q(y).
-4
Let f be (78/(-12))/(-13)*(2 - 2). Let t(s) be the third derivative of f*s - 5/24*s**4 + 3*s**2 + 1/60*s**5 + 0 - 1/6*s**3. Determine t(5).
-1
Suppose -15 = 3*o + 3*i, -5*o - 4*i - 126 = -102. Let q(l) = 4*l + 18. Determine q(o).
2
Let w(i) = 17*i**2 - i - 2. Let j be w(-1). Let p(k) = -40*k + j*k + 25*k. Let y be 2/(-6) - 42/9. Give p(y).
-5
Let y(x) = -x**3 + 5*x**2 - 3*x + 1. Let b = 297 - 293. What is y(b)?
5
Let z = 22 + -26. Let s be 3/6*-6 - z. Let g(o) be the third derivative of -o**5/12 - o**4/24 + o**3/6 - 2*o**2. What is g(s)?
-5
Let u(v) = -v**2 - 1. Let g(o) = -o**3 + 3*o**2 - o + 2. Let z be 1 - (0/(-4) + 1). Let l be (3/(-1) - z)*-1. Let d be g(l). Give u(d).
-2
Suppose 10 = -14*f + 12*f. Let p(l) be the second derivative of -l**5/60 + l**4/6 - 4*l**3/3 + 2*l. Let k(n) be the second derivative of p(n). Give k(f).
14
Let v(b) be the first derivative of 3*b**2/2 + 2*b + 1. Let z(x) = x**2 - x + 1. Let y be z(2). Suppose 4*w = 5*j - 13 + 2, -w + y*j - 1 = 0. Calculate v(w).
-10
Let k(b) = b + 3. Let q be k(-4). Let z(c) be the first derivative of -3*c**4/4 + c**3/3 - c + 8733. What is z(q)?
3
Let t(x) be the third derivative of -x**9/60480 + x**8/6720 - x**7/2520 + x**6/180 - x**5/15 + 10*x**2. Let c(o) be the third derivative of t(o). Give c(3).
-2
Let w(u) be the first derivative of u**3/3 - 23*u**2/2 + 22*u - 299. What is w(22)?
0
Let l be 2*(5/(-1) - -4). Let t(o) = 3*o**2 - o - 2. Determ